s 12 divide 2080?
False
Is 3612 a multiple of 28?
True
Does 67 divide 4556?
True
Is 43 a factor of 258?
True
Is 85 a factor of 50065?
True
Does 30 divide 890?
False
Is 16439 a multiple of 63?
False
Is 279 a multiple of 33?
False
Is 486 a multiple of 162?
True
Is 943 a multiple of 4?
False
Does 57 divide 6931?
False
Is 7 a factor of 2358?
False
Is 17 a factor of 4522?
True
Does 3 divide 783?
True
Is 3 a factor of 2910?
True
Does 11 divide 20933?
True
Is 8 a factor of 28?
False
Does 10 divide 2970?
True
Is 8 a factor of 1036?
False
Does 8 divide 16376?
True
Is 720 a multiple of 16?
True
Is 50 a factor of 98150?
True
Does 35 divide 1400?
True
Is 9082 a multiple of 299?
False
Is 16 a factor of 5215?
False
Is 26638 a multiple of 38?
True
Does 9 divide 672?
False
Is 1152 a multiple of 18?
True
Is 91 a multiple of 6?
False
Is 5 a factor of 732?
False
Is 23594 a multiple of 174?
False
Is 202 a factor of 8686?
True
Does 24 divide 615?
False
Is 70 a factor of 1328?
False
Is 33 a factor of 246?
False
Does 4 divide 3379?
False
Is 209268 a multiple of 19?
False
Is 3215 a multiple of 5?
True
Is 118 a factor of 21299?
False
Is 39 a factor of 35459?
False
Does 46 divide 644?
True
Does 9 divide 4905?
True
Is 194 a multiple of 50?
False
Is 5001 a multiple of 3?
True
Does 55 divide 18260?
True
Is 55349 a multiple of 63?
False
Is 8 a factor of 938?
False
Is 562 a multiple of 10?
False
Does 30 divide 6176?
False
Is 29 a factor of 909?
False
Is 68 a factor of 4284?
True
Does 13 divide 3102?
False
Does 45 divide 360?
True
Is 9 a factor of 581?
False
Is 15 a factor of 1580?
False
Is 980 a multiple of 16?
False
Is 69 a factor of 5571?
False
Is 28 a factor of 650?
False
Does 13 divide 19422?
True
Does 76 divide 7712?
False
Does 91 divide 39312?
True
Does 18 divide 4878?
True
Is 237 a multiple of 79?
True
Is 5 a factor of 303?
False
Is 451 even?
False
Does 45 divide 682?
False
Is 36 a factor of 180?
True
Is 40 a factor of 1732?
False
Is 780 a multiple of 20?
True
Is 71 a factor of 26159?
False
Does 117 divide 24358?
False
Is 14 a factor of 274?
False
Is 10454 a multiple of 302?
False
Is 291 a factor of 20952?
True
Is 17 a factor of 3502?
True
Is 186 a factor of 52927?
False
Is 731 a multiple of 90?
False
Is 199 a factor of 52735?
True
Is 1311 a multiple of 23?
True
Is 5 a factor of 3177?
False
Is 360 a multiple of 6?
True
Does 8 divide 956?
False
Does 14 divide 1015?
False
Is 15 a factor of 4456?
False
Is 40 a factor of 6221?
False
Is 138 a multiple of 22?
False
Is 258 a multiple of 3?
True
Is 2659 a multiple of 21?
False
Does 33 divide 37884?
True
Is 190 a factor of 5263?
False
Is 85 a factor of 10880?
True
Is 19 a factor of 304?
True
Is 72848 a multiple of 157?
True
Does 7 divide 14462?
True
Does 31 divide 1271?
True
Does 18 divide 5490?
True
Is 29 a factor of 3432?
False
Does 30 divide 1140?
True
Is 64614 a multiple of 6?
True
Is 76 a factor of 339?
False
Is 926 a multiple of 42?
False
Does 58 divide 290?
True
Is 70 a factor of 5971?
False
Is 107 a factor of 1498?
True
Is 131 a factor of 53448?
True
Is 14420 a multiple of 52?
False
Is 369 a multiple of 43?
False
Is 4048 a multiple of 16?
True
Is 14526 a multiple of 7?
False
Is 33781 a multiple of 99?
False
Is 402 a multiple of 30?
False
Is 148 a factor of 67284?
False
Is 32962 a multiple of 9?
False
Is 217 a factor of 70070?
False
Is 43 a factor of 13336?
False
Is 15819 a multiple of 65?
False
Is 519 a multiple of 14?
False
Is 118660 a multiple of 34?
True
Is 101 a factor of 33646?
False
Is 1901 a multiple of 52?
False
Is 250 a factor of 111571?
False
Is 2 a factor of 249?
False
Is 5046 a multiple of 8?
False
Is 6629 a multiple of 7?
True
Is 36 a factor of 1440?
True
Is 2063 even?
False
Is 7 a factor of 6454?
True
Is 19764 a multiple of 31?
False
Is 11233 a multiple of 160?
False
Is 3010 a multiple of 70?
True
Is 9201 a multiple of 3?
True
Does 116 divide 24016?
False
Is 5822 a multiple of 82?
True
Is 10 a factor of 2260?
True
Is 127 a factor of 2725?
False
Is 340 a multiple of 68?
True
Is 56 a factor of 26712?
True
Is 1390 a multiple of 12?
False
Does 117 divide 2199?
False
Is 11 a factor of 5713?
False
Is 1602 a multiple of 9?
True
Is 147 a factor of 81285?
False
Does 20 divide 100?
True
Is 3 a factor of 89?
False
Does 74 divide 4202?
False
Is 237 a multiple of 6?
False
Is 10072 a multiple of 19?
False
Is 1128 a multiple of 47?
True
Is 17 a factor of 21763?
False
Is 52 a factor of 3120?
True
Does 74 divide 574?
False
Is 38 a multiple of 19?
True
Does 4 divide 9313?
False
Is 10528 a multiple of 8?
True
Does 10 divide 9761?
False
Is 39 a factor of 13494?
True
Does 3 divide 7413?
True
Is 49 a factor of 294?
True
Is 49 a factor of 4967?
False
Does 12 divide 307?
False
Is 9 a factor of 48231?
True
Does 3 divide 86?
False
Does 18 divide 380?
False
Is 17 a factor of 306?
True
Does 47 divide 837?
False
Does 92 divide 40492?
False
Is 10119 a multiple of 27?
False
Does 41 divide 1416?
False
Is 1304 a multiple of 25?
False
Is 180 a factor of 10449?
False
Does 22 divide 1716?
True
Does 105 divide 2062?
False
Is 6374 a multiple of 7?
False
Does 25 divide 6283?
False
Is 94 a factor of 14570?
True
Is 6561 a multiple of 2?
False
Does 128 divide 14720?
True
Is 9 a factor of 407?
False
Is 2574 a multiple of 33?
True
Is 319 a factor of 75603?
True
Does 68 divide 4916?
False
Does 8 divide 306?
False
Does 33 divide 33132?
True
Is 720 a multiple of 18?
True
Does 33 divide 3982?
False
Is 367 a multiple of 5?
False
Is 1648 a multiple of 8?
True
Is 569 a multiple of 8?
False
Does 18 divide 5101?
False
Is 18 a factor of 342?
True
Is 4410 a multiple of 62?
False
Does 132 divide 18348?
True
Does 24 divide 769?
False
Is 41 a multiple of 35?
False
Is 384 a multiple of 15?
False
Is 190 a multiple of 63?
False
Is 3933 a multiple of 19?
True
Does 8 divide 2210?
False
Is 93128 a multiple of 8?
True
Is 5929 a multiple of 11?
True
Does 35 divide 5635?
True
Is 15408 a multiple of 36?
True
Does 209 divide 89034?
True
Is 70 a multiple of 7?
True
Is 592 a multiple of 37?
True
Does 13 divide 234?
True
Is 107 a multiple of 5?
False
Does 9 divide 7434?
True
Is 11 a factor of 847?
True
Does 34 divide 8636?
True
Is 8134 a multiple of 93?
False
Is 297 a factor of 77097?
False
Is 33 a factor of 2674?
False
Is 69 a factor of 298?
False
Is 560 a multiple of 56?
True
Is 800 a multiple of 16?
True
Does 136 divide 55352?
True
Does 4 divide 72?
True
Is 18 a factor of 6971?
False
Is 273 even?
False
Is 150 a factor of 3156?
False
Does 32 divide 896?
True
Is 112 a multiple of 2?
True
Does 36 divide 9036?
True
Is 18414 a multiple of 93?
True
Does 28 divide 2408?
True
Is 3307 a multiple of 13?
False
Does 13 divide 9226?
False
Does 7 divide 18137?
True
Does 6 divide 2655?
False
Does 128 divide 3812?
False
Is 91 a factor of 12820?
False
Does 38 divide 6004?
True
Is 39 a factor of 468?
True
Does 5 divide 851?
False
Does 6 divide 1964?
False
Does 3 divide 2806?
False
Is 1277 a multiple of 15?
False
Is 2 a factor of 12557?
False
Is 14 a factor of 1680?
True
Does 79 divide 38789?
True
Is 17150 a multiple of 21?
False
Is 22 a factor of 47100?
False
Is 70 a factor of 2656?
False
Is 15 a factor of 23856?
False
Does 7 divide 15064?
True
Does 12 divide 1163?
False
Does 10 divide 83442?
False
Is 10778 a multiple of 14?
False
Is 41 a factor of 1517?
True
Is 6 a factor of 12282?
True
Is 7000 a multiple of 10?
True
Does 5 divide 481?
False
Is 38 a factor of 13728?
False
Is 44 a factor of 308?
True
Does 3 divide 297?
True
Is 39495 a multiple of 157?
False
Is 231 a multiple of 11?
True
Does 6 divide 1878?
True
Is 77 a factor of 5671?
False
Is 2019 a multiple of 2?
False
Does 332 divide 4870?
False
Is 13 a factor of 2353?
True
Is 1293 a multiple of 5?
False
Is 24 a factor of 216?
True
Is 3 a factor of 24?
True
Does 28 divide 857?
False
Is 397 a multiple of 13?
False
Does 21 divide 9556?
False
Is 1991 a multiple of 73?
False
Does 59 divide 9086?
True
Is 7 a factor of 11186?
True
Is 2401 a multiple of 49?
True
Does 8 divide 51929?
False
Is 22568 a multiple of 182?
True
Is 164 a multiple of 4?
True
Is 12 a factor of 53844?
True
Is 49 a factor of 10535?
True
Is 8 a multiple of 8?
True
Is 30842 a multiple of 117?
False
Does 10 divide 1770?
True
Does 12 divide 985?
False
Is 16949 a multiple